 greatest common factor of z and 15.
5
Suppose -1558 = -4*g + 1066. Let d = -14 + 30. What is the greatest common factor of d and g?
16
Let i(q) = -11*q - 43 + 16*q**3 + 9*q**3 - 35*q**3 - 30*q**2 + 9*q**3 + 6*q**2. Let c be i(-24). Calculate the greatest common divisor of c and 17.
17
Let m(v) = -93*v**2 + 475*v - 10. Let g be m(5). Calculate the greatest common divisor of g and 3560.
40
Let m = 6 - -8. Let q(s) = s**3 + 8*s**2 - 4*s - 7. Let c be q(-7). What is the highest common factor of m and c?
14
Suppose 23217 = 92*y - 16527. What is the highest common factor of y and 1992?
24
Let t be (-11520)/(-84) + (-10)/70. Calculate the greatest common divisor of 1 and t.
1
Let a(c) = 3*c**3 - 4*c**2 - 5*c - 5. Let b be a(5). Let r = -167 + b. Let v = -2193 - -2310. Calculate the greatest common factor of v and r.
39
Suppose -4*s = 16, 2*j + 4*s - 195 = 489. What is the greatest common divisor of j and 1350?
50
Suppose 4*l + 2*m = 5002, -19*l - 5*m - 2495 = -21*l. Calculate the highest common divisor of 20 and l.
10
Let g be (2 - (-10)/5) + 0. Let x be (-24 - -18)*g/6. Let d be x/(-6) - (-481)/39. Calculate the highest common factor of 13 and d.
13
Let y be 8/(-1) + 78/(-39). Let t(m) = -m**2 - 8*m + 25. Let l be t(y). What is the highest common divisor of l and 155?
5
Suppose 90 = 3*z - 15. Suppose 0 = l + 4 - z. Let j(m) = 48*m**2 - 3*m. Let u be j(2). Calculate the greatest common factor of u and l.
31
Let l(u) = 20*u**2 + 115*u + 45. Let f be l(-7). Suppose -4*w = -5*d + 420, 5*d + 2*w = w + 445. Calculate the greatest common divisor of d and f.
44
Let o = -68 - -111. Suppose 5 = -i - 4*v - 7, 3*v = i - 9. Suppose i = -5*x - l + 643, -x - 3*x + l = -518. What is the highest common factor of x and o?
43
Let g(v) = -147*v - 959. Let x be g(-9). What is the highest common divisor of x and 1729?
91
Let k(d) = 53*d + 2804. Let o be k(-51). What is the highest common divisor of 7979 and o?
101
Let u(l) = 31*l - 294. Let w be u(54). What is the highest common divisor of 4416 and w?
276
Suppose -7*j + 292 + 674 = 0. Suppose 2*b + 62 = 2*d, -5*d - b = -j + 7. Calculate the highest common divisor of 45 and d.
9
Let o be (-8)/16*(-2 + 5 + 3). Let h be (4*145/60)/(o/(-54)). What is the greatest common factor of 6 and h?
6
Let r(i) = -64*i + 311. Let t be r(5). Let w(k) = k**2 - 5*k - 4. Let m be w(5). Let o be -9*(3/t + m). What is the highest common factor of 117 and o?
39
Suppose 2*c - 194 - 204 = 2*a, -2*c - a + 413 = 0. Calculate the highest common factor of 1326 and c.
102
Suppose -3*g = -1954 - 227. Suppose g = 14*d - 13*d. Suppose 5*j - 717 = -4*k, -4*j + k = j - d. Calculate the greatest common divisor of 29 and j.
29
Let r = 95 - 7. Suppose 5*z = 4*x + 2041, 0 = -85*z + r*z - 4*x - 1231. Calculate the greatest common factor of 5 and z.
5
Let t(o) = -11*o + 16. Let j be t(0). Suppose -j*n = 15 - 95. Suppose -p + 189 = -i, n*i = -5*p + p + 756. What is the greatest common factor of 21 and p?
21
Let v be ((-28)/(-8))/(4/72). What is the greatest common divisor of 987 and v?
21
Suppose 454 = 4*l + 2*o, 2*l = -26*o + 22*o + 236. Suppose l*g - 280 = 107*g. Calculate the highest common divisor of g and 6.
2
Let y(h) = 8*h**2 + 9*h - 8. Let x be (297/66)/((-3)/(-2)). Let n be y(x). What is the greatest common factor of n and 13?
13
Let o(f) = -f**3 - 20*f**2 - 71*f - 258. Let g be o(-19). What is the greatest common divisor of g and 50?
10
Let z = -102 - -100. Let r be (1/z)/(12/(-24)). What is the highest common divisor of r and 53?
1
Let c be (-1475)/(-10)*(-45 + 47). Calculate the highest common factor of 2124 and c.
59
Suppose 21*p - 12*p = 27. Let a be (4*-2)/(5/(-405)*p). Calculate the greatest common divisor of 8 and a.
8
Let c(u) = u**2 - 15*u - 8. Let i be c(15). Let h(j) = -j**3 - 5*j**2 + 6*j - 12. Let d be h(i). Let x = d - 51. What is the greatest common factor of x and 9?
9
Let g(b) = -36*b - 215. Let n be g(-6). Let d be (n - 0)*30*(-24)/(-60). Calculate the greatest common factor of d and 1.
1
Let i = -11 - -56. Let r(f) = 78*f**2 + 10*f - 161*f**2 + 82*f**2 - 16. Let l be r(7). What is the highest common divisor of l and i?
5
Let d(z) = -2*z**3 + 27*z**2 - 11*z - 44. Let a be d(13). Let f be ((-3410)/(-93))/(3/(a/(-4))). What is the highest common factor of 33 and f?
11
Suppose 42*y = -354 + 949 + 413. Calculate the highest common factor of 1928 and y.
8
Suppose 0 = 3*h + 4*q - 396, 5*h - 874 = -q - 214. What is the highest common divisor of h and 561?
33
Suppose 0 = -2*s + 35 + 27. Let g(r) be the third derivative of 3*r**4/4 - 3*r**3/2 + 5*r**2 + 6. Let i be g(16). What is the highest common factor of s and i?
31
Let k be ((-6)/5)/(1*(-10)/25). Suppose 3*y - 330 = -k*y. Let b be 4*((-10)/y - 851/(-22)). Calculate the highest common factor of 22 and b.
22
Let n be 1/((-33)/(-18)) - (-2912)/308. Let d be 524*1/n + (-2)/5. Calculate the highest common divisor of d and 468.
52
Let o(p) = -122*p - 14. Suppose 3*n + 0 + 29 = -2*d, 37 = -3*n + 2*d. Let c be o(n). What is the greatest common factor of 16 and c?
16
Suppose 5*w = 3*h - 2178, 3*h - 3*w = 6*h - 2202. Let b be (7904/342 - (-2)/(-18)) + 0 + -6. What is the highest common divisor of b and h?
17
Let w = -3422 - -3672. What is the highest common divisor of w and 2?
2
Suppose -28*s + 2398 + 2138 = 0. What is the highest common factor of s and 1926?
18
Suppose r + 68 = 5*r. Suppose -246*z + 14553 + 14721 = 0. Calculate the highest common divisor of z and r.
17
Suppose 3*l - m + 22 = 26, l + m - 4 = 0. Suppose 5*q = -l*o + 25, 3 = o - 4*q - 29. Let s be 4*(50 + 0)/1. What is the highest common divisor of s and o?
20
Suppose 19*k = -18*k - 111. Let r(u) = 61*u**2 - u - 2. Let y be r(k). Calculate the greatest common divisor of 66 and y.
22
Let g(a) = -a**2 + 6*a - 165. Let s be g(0). Let l = s + 185. Let n(t) = 2*t + 5. Let m be n(5). What is the highest common factor of l and m?
5
Suppose 5*p - 6*v - 499 = 0, -p - 5*v + 140 = 34. What is the highest common factor of 101 and p?
101
Let p(n) = 7*n**2 - 258*n - 44. Let m be p(38). Calculate the highest common factor of m and 455.
65
Let p = 1848 + -879. What is the highest common divisor of p and 204?
51
Let x = 108 + 75. Suppose -2*v + 2*y - 127 + 605 = 0, -10*v - 5*y = -2465. Calculate the highest common divisor of v and x.
61
Let u be (-3 + 0)*136/(-4). Suppose 2 = -3*z - 4*f, 1483*z - 14 = 1479*z - 2*f. Calculate the greatest common divisor of u and z.
6
Let s be 35/49*7 - 50. Let w be (-8565)/s - (-1)/(-3). Calculate the greatest common divisor of w and 60.
10
Let x(a) = a**3 + 5*a**2 - 2*a - 6. Let p be x(6). Suppose -9*r = -4*r - n - 270, -5*r + 5*n = -270. What is the highest common divisor of r and p?
54
Let w(v) = -63 - 62 + 193 - 66 - 29*v. Let g = -17 - -16. Let r be w(g). Calculate the greatest common factor of 124 and r.
31
Let s = 878 - -2828. Calculate the highest common divisor of 109 and s.
109
Let i(c) = 2*c**3 - 55*c**2 + 54*c - 120. Let p be i(27). What is the greatest common factor of p and 231?
21
Let c(d) = 54*d - 122. Let f(o) = 2*o. Let m(g) = c(g) - 6*f(g). Let l be m(5). What is the greatest common factor of l and 110?
22
Suppose 49*p - 40326 = -94*p. Calculate the greatest common divisor of 6 and p.
6
Let h be 106 + (-4)/6*18/3. What is the highest common factor of 6494 and h?
34
Let w = 57 + -54. Let x(b) = 26*b - 38. Let a be x(w). Calculate the greatest common factor of 320 and a.
40
Let x = -85923 - -85998. Let t = 90 - 139. Let l be t/(-1) + 2 + -1. Calculate the greatest common divisor of l and x.
25
Let u be (-7)/(-63)*6*102/4. Suppose -2*j + 4845 = u*j. Calculate the greatest common factor of 15 and j.
15
Let n = 7928 + -7903. Calculate the greatest common factor of 15025 and n.
25
Let k(j) be the first derivative of -48*j**2 + j + 1. Let w be k(-4). Suppose -1827 - 26388 = -620*v + 107*v. What is the greatest common factor of w and v?
55
Let o(r) = 169*r + 165*r - 332*r + 3*r**2 + 25 - 2*r**2. Let m be o(0). What is the greatest common divisor of m and 5?
5
Let n be 7/70 - 218/(-20). Suppose 1309 = -m + 8*m. Calculate the greatest common factor of n and m.
11
Let f(z) = 138*z - 133. Let c be f(1). Calculate the highest common divisor of c and 625.
5
Let i(m) = -165*m + 140. Let g be i(-1). Calculate